digit of o?
1
Let w = -28 - -38. Suppose 68 = h + w. What is the tens digit of h?
5
Suppose 2*n - 9 + 4 = -s, -4*n + 16 = 4*s. What is the units digit of -78*1*n/(-2)?
9
Let g(m) = m**3 + m**2 - 2*m + 3. Let b be g(0). Let u = -9 - b. Let z = u + 76. What is the tens digit of z?
6
What is the units digit of 5/(1 + (-200)/204)?
5
Suppose 25*c - 848 = 21*c. What is the tens digit of c?
1
Suppose -2*x = 2*w - 4708, -2*w + 9416 = 4*x - 4*w. What is the tens digit of x?
5
Suppose 0 = -15*z + 12*z + 4896. What is the tens digit of z?
3
Let q(b) = b + 11. Let l be q(-5). Suppose -2*r + l = -4*r. Let k(c) = -5*c - 4. What is the units digit of k(r)?
1
Let a(v) = -2*v**2 - v**3 - 2*v - 7 + 4 + 2. Let g = -1 - 2. What is the tens digit of a(g)?
1
What is the units digit of (-77439)/(-498)*(1 - 0)*4?
2
Let b(t) = t**2 + 2*t + 4. Suppose 1 = 3*r + 3*v + 10, -r - 3*v - 9 = 0. Let a be b(r). Suppose -a*p + 2*p = -100. What is the units digit of p?
0
Let b = 249 - 100. What is the hundreds digit of b?
1
Let a = 409 - -569. What is the units digit of a?
8
Let c(k) = -k**3 - 21*k**2 - 51*k - 34. What is the hundreds digit of c(-20)?
5
What is the units digit of ((-46)/69)/(2 + (-5948)/2973)?
1
Let o = -20 + 19. What is the tens digit of (o - -3)*-2 - -28?
2
Let x(p) = 26*p**3 + 7*p**2 - 18*p + 36. What is the thousands digit of x(4)?
1
Suppose 5*v + 25 = 0, 0*y + 3*v = -y - 12. Suppose 17 = y*l - 163. Suppose 3*b + l = 6*b. What is the tens digit of b?
2
Let l be 8/(-6) + 154/(-33). Let o(k) = 2*k + 13. What is the units digit of o(l)?
1
Suppose -129*k = -126*k - 3276. What is the tens digit of k?
9
Let p be 432/28 - 6/14. Let x(o) = 12*o - 18. What is the units digit of x(p)?
2
Let w be (9 + -7)*1/2. Suppose -p + 20 = -w. What is the units digit of 5*(-7)/(p/(-6))?
0
What is the hundreds digit of 1*(431 + -4 + 0) + -3?
4
Suppose -6 = 4*g + 2*r, 0*g = -3*g + 3*r - 9. Let c(m) = 2*m**3 - m + 2. Let v be c(g). What is the units digit of (3 + v)*(0 + -1)?
9
Suppose 23 + 56 = i - 5*z, -71 = -i + z. Let d = i - -43. What is the hundreds digit of d?
1
Let y(j) = 17*j**2 + 6*j - 5. Let m be (-34)/(-10) - ((-108)/(-20) + -5). What is the units digit of y(m)?
6
Let i = 16 + -14. Suppose 2 = i*n - 2. Suppose n*d - 16 = -0. What is the units digit of d?
8
Suppose -u = 4*a + 12, -4*a + u = -u + 24. What is the units digit of (9/(-2) - a)*-134?
7
What is the thousands digit of 8/(-2) - -1306 - (6 - 5)?
1
Suppose 23*n + 2 = 21*n, -2*b = -5*n - 8065. What is the tens digit of b?
3
Let x(a) = a**2 - a + 22. Suppose -7*u = -10*u. What is the units digit of x(u)?
2
Suppose 0 = -5*s - 3*l + 1407 + 3567, s - 5*l = 978. What is the tens digit of s?
9
Suppose 13*v = 9*v + 8060. What is the hundreds digit of v?
0
Suppose k - 3*m + 11 = m, 2*m = -3*k + 9. Let p be 10/k - (9 - 11). Suppose -4*r - 3*w + 168 = 0, 5*r + 3*w - 198 - p = 0. What is the units digit of r?
2
Let o = 9101 + -4780. What is the thousands digit of o?
4
Suppose 83 = 5*s + 4*n, s + s - 2*n - 26 = 0. Let x(c) = c**2 - 12*c - 6. What is the tens digit of x(s)?
3
Let o(g) = 3*g**2 + 10*g + 32. What is the tens digit of o(-22)?
6
Suppose -r + 7*r - 12 = 0. Suppose -4*o = 2*s - r*o - 264, -5*s - 4*o = -657. What is the hundreds digit of s?
1
Suppose 0*t = -4*l + 10*t + 2586, -2*l = 5*t - 1283. What is the hundreds digit of l?
6
Suppose 0*h - 120 = 2*h. Let x = h + 40. What is the units digit of 1/4 + (-15)/x?
1
Let p be (-2)/(-10) + (-3)/15. Suppose 0*z + 4 = h - 2*z, p = z. Suppose -3*m = 4*t - 36, 20 = 2*m - 3*t - h. What is the units digit of m?
2
Suppose -5*f - 3*r + 146 = 0, 3*f + 152 = 8*f + r. What is the tens digit of f?
3
Let m be (-3 - -1 - -1)*0. Suppose m*i = -4*x + 3*i + 239, -3*i = -5*x + 298. What is the tens digit of x?
5
Let u = -7 + 10. Suppose u*d - 4*d = r + 22, -4*d - 70 = 3*r. Let x = r - -38. What is the tens digit of x?
2
Suppose 2*u - 3510 = -11*u. What is the tens digit of u?
7
Let y(r) = r**3 + r**2 + 83. Let b be y(0). Let c = b + -15. What is the units digit of c?
8
Let x(y) = -2*y**3 + 2*y**2 + 12*y - 4. Let c be x(4). Let h = c + 80. What is the tens digit of h?
2
Let i(q) = 92*q**2 + q. Suppose 0 = 2*s - 3*v + 7, -11 = -2*s - 4*v + v. Let a be i(s). What is the tens digit of (-1)/(-2) + a/6?
1
Let m = 1180 - 732. What is the tens digit of m?
4
Suppose -5*w + 4 = -21, 3*w + 2013 = 2*t. What is the thousands digit of t?
1
Suppose 2*l - 5 = 23. Let i = l - 11. Suppose 48 = 3*o - i*j, 3*o - 5*j - 9 - 47 = 0. What is the tens digit of o?
1
Let r = 7 + 4. Suppose -r*s + 129 = -311. What is the tens digit of s?
4
Let f be -3 + (-1 - 76/(-4)). Let i = f + -13. Suppose 78 = -i*z + 5*z. What is the tens digit of z?
2
Let b(g) = 2*g**3 - 33*g**2 - 11. What is the tens digit of b(20)?
8
Let p = -143 - -142. What is the tens digit of (p/(-2))/(1 + 93/(-94))?
4
Suppose 0*r - 3*r + 1395 = 0. What is the units digit of (-2)/(-8) - r/(-12)?
9
Let n be 1/((-4)/(-30))*-6. Let t = 35 - n. What is the tens digit of t?
8
Let f(w) = 4*w**3 + 9*w**2 + 2*w + 8. What is the hundreds digit of f(5)?
7
Suppose -3*o + 4*t = 18, 5*o + t = -9 + 2. Suppose 0 = b - 4*b + l - 66, 0 = 4*b - 2*l + 90. What is the tens digit of (-3)/o*(-476)/b?
3
Let r be (-2)/(-3) + -1 - 276/(-18). What is the tens digit of -2*6/r*(-155)/2?
6
Let s = -60 + 61. What is the units digit of 3/6*s*94?
7
Suppose 5*k = 5*w + 3485, 2*k - 2090 = -k + 4*w. What is the hundreds digit of k?
6
Let w = -66 - -68. Suppose 0 = w*l - 66 - 128. What is the tens digit of l?
9
Let l(n) = n**3 - n - 43. Let h be l(0). Let v = h + 45. What is the units digit of v?
2
Suppose 5*b - 4690 = 19*b. Let y = 621 + b. What is the hundreds digit of y?
2
Suppose 0 = -8*q + q + 847. Let r(y) = y**2 + 4*y + 1. Let v be r(7). Let u = q - v. What is the units digit of u?
3
Suppose -y - 283 = -s, -14*s + 19*s + y = 1409. What is the units digit of s?
2
Let r(s) = -38*s - 2. Let a be r(-1). Let i be (-114)/(-10) + a/(-90). What is the tens digit of 44/i + (0 - -58)?
6
Suppose -5*b = -3*l - 2168, 2164 = -9*b + 14*b - 4*l. What is the units digit of b?
6
Suppose -5213 = -3*o + 2*m, 0 = 5*o - 5*m - 5383 - 3297. What is the tens digit of o?
4
Suppose -8*h = -7*h + 69. Let f = h + 103. What is the tens digit of f?
3
Let y be -4*1/(-10)*120. What is the units digit of (y + 1 - 0) + 3?
2
Suppose -5*y = 4*n - n - 141, -2*y + 4*n + 46 = 0. Let z = 28 + y. What is the tens digit of z?
5
Suppose -150 + 1298 = c - 3*j, 3440 = 3*c - 5*j. What is the tens digit of c?
4
Let m(d) = 12*d**2 - 2*d**3 - 6 + 5*d - 8 + 3*d**3. Let o = 61 - 72. What is the units digit of m(o)?
2
Suppose -k + 346 = -5*u + 2001, 2*u = k + 665. What is the units digit of u?
0
Let z = 201 + -74. What is the units digit of z?
7
Let f = 29 - -1488. What is the hundreds digit of f?
5
Suppose 16*a - 4*a - 27324 = 0. What is the tens digit of a?
7
What is the hundreds digit of (-2*45/(-54))/(3/1044)?
5
Let y be (76/(-3))/((-23)/(-207)). Let j = y + 340. What is the tens digit of j?
1
Let m(x) = -x + 0*x**3 - 7*x - 161 + 171 + 23*x**2 + x**3. What is the units digit of m(-23)?
4
Suppose 13 = 3*n - 11. What is the tens digit of n/(-4) + 2 + -1 + 138?
3
Suppose -2*l = 2*k - 7402, 25*l = 23*l + 4*k + 7384. What is the hundreds digit of l?
6
Let b = -1647 + 2748. What is the thousands digit of b?
1
Let a(n) = -n**3 + 13*n**2 - 13*n - 15. Let x be a(12). Let g = -11 - x. What is the units digit of g?
6
Let j be -2 + (-3 - -54)/3. Let x be (-669)/j + (-2)/5. Let s = 78 + x. What is the tens digit of s?
3
Let m be ((-378)/24)/((-3)/8). Suppose -4*t + 47 = -5*x - 31, -2*t + x = -m. What is the units digit of t?
2
Suppose 0 = -4*v + 4*l + 24, -v + 17 = v - 3*l. Let j be (-4)/(-4 - (v - 4)). Suppose -22 = 2*t - 4*t + j*y, t = 3*y + 6. What is the tens digit of t?
2
Suppose -2*s = -5*q - 24 + 3, 3*q = -3*s. Suppose -a = 2*n - 67, s*a - 6 + 21 = 0. Suppose 30 = u + 2*h, -5*u - n = -2*h - 126. What is the units digit of u?
0
Let k(y) = 6 + 8*y**2 + 3*y + 4 - 2. What is the tens digit of k(-3)?
7
Let p(z) be the third derivative of -z**6/120 + 7*z**5/30 - 2*z**3 + 44*z**2. What is the hundreds digit of p(6)?
2
Let b(y) = -y**2 - 9*y + 9. Let l be b(-7). Let u = l + -13. Let o = u + -9. What is the units digit of o?
1
Suppose c - 4*h = 2